uppose 19*z - 15*z = -3*r + 3059, j = 3*z + 4*r. Is z a prime number?
True
Let c(a) = -87*a**2 + 207*a - 7. Let l(w) = 173*w**2 - 378*w + 13. Let f(d) = 11*c(d) + 6*l(d). Let i = 22 + -16. Is f(i) a composite number?
False
Let y = 889 - 9805. Let l = -5999 - y. Let o = -1770 + l. Is o composite?
True
Suppose -i = 3*i - 6084. Suppose -5803 = -2*h + 4*w + w, -5797 = -2*h + 3*w. Let c = h - i. Is c a composite number?
False
Let n be 5 - ((-16)/(-20))/(2/5). Let l(t) = -234*t + 18. Let h be l(n). Let z = 1375 + h. Is z a composite number?
False
Let c(o) = 266*o**2 - 12*o + 17. Let h be c(4). Suppose 3*l = -a + 2879, a - 2*l - h + 1346 = 0. Is a a prime number?
True
Suppose u + 4896 = 5*m + 14849, -u - 2*m + 9960 = 0. Suppose 3670 + 84570 = -16*h. Let y = u + h. Is y composite?
True
Suppose -10*p + 585016 = 3*v, 2*p + 5*v - 117006 = 3*v. Is p a prime number?
False
Suppose -12*f - 4197 = -441. Let s = -162 - f. Let u = s - -350. Is u prime?
False
Let j be 3/(-12) + 176548/16 - 1. Let u = j + -5286. Is u composite?
True
Is 16*754 + ((-225)/(-33) - (-24)/132) a prime number?
True
Let s(c) = c + 1. Let w(u) = -4*u - 12. Let b(x) = 3*s(x) + w(x). Let y be b(-9). Suppose -t + 26 + 53 = y. Is t a prime number?
True
Suppose -4618 = 5*d - 3*k - 628, 3185 = -4*d + k. Let r(a) = -2*a**2 + 4*a - 6. Let g be r(13). Let l = g - d. Is l prime?
True
Suppose -i + 226060 = -b, 22*i = 20*i + b + 452123. Is i prime?
True
Let j be 6/15 - ((-88)/(-20) + -4). Suppose j = 4*t - 7*t - q + 77, 2*q + 80 = 3*t. Let x = 59 + t. Is x a composite number?
True
Let r = 629 + -629. Suppose r = -4*y - 5*x + 22262, -5*y + 4*x + 22244 = -y. Is y a composite number?
False
Let f be (-7)/(-21)*-3*1151. Let n = f - -3111. Suppose -2*i = -0*i - 5*r - n, -4*i + 3942 = r. Is i composite?
True
Let p(k) = -281*k - 11. Let z(b) = 9*b - 44. Let a be z(4). Is p(a) a composite number?
False
Let c(l) = -17977*l + 2605. Is c(-4) composite?
True
Let c(b) = -27*b**2 + 11*b - 45. Let x(o) = 18*o**2 - 7*o + 30. Let r(y) = 5*c(y) + 8*x(y). Let i(d) be the first derivative of r(d). Is i(9) a prime number?
False
Suppose 205*d + 306138 = 229*d - 4921086. Is d prime?
False
Suppose 9*b - 3*n = 4*b + 506338, 4*b + 2*n = 405066. Is b a composite number?
False
Suppose -2*w - 76 = -4*h, 4*h - w = 25 + 53. Suppose 4*m - h = -4. Is (-2 + m)*1228/8 a prime number?
True
Let w(i) = 7*i**3 - 11*i**2 + 8*i - 18. Let y be w(8). Suppose -y = -5*p + 2944. Is p a composite number?
True
Let l = 490968 - 186295. Is l a composite number?
True
Let w be (-4)/(-12) - (-68)/12. Suppose 7 = -w*u + 19. Suppose -12*f = -u*f - 340. Is f a prime number?
False
Suppose 0 = 32*b - 31*b - 3004. Suppose -u + b = -2*d + 165, 4*u - d - 11377 = 0. Is u a composite number?
True
Let x(p) = -6*p - 23. Let d be x(-4). Let a be d/6*4 - 33/9. Is a + 0 + 15 + 1181 composite?
False
Suppose 7*r + 24037 - 102710 = 0. Is r prime?
True
Suppose -14*f - 4*f = -231858. Is f composite?
True
Let x(w) = 897*w**2 + 93*w - 2111. Is x(22) a composite number?
True
Let k(q) be the first derivative of 466*q**3 + 4*q - 3. Let y be k(-2). Is (-12)/8*y/(-6) composite?
False
Suppose 15 = -5*b + 2*j + 3*j, 7 = b + j. Suppose 0 = -3*w - 5*l - 666, -b*l + 63 = -3*w - 603. Let y = w - -599. Is y a prime number?
False
Let f(k) = 276*k + 5. Let h be 3*(2 - (0 + 3)). Let b be (-8 - -4)/(3 + (h - 2)). Is f(b) prime?
True
Let f(x) = -1779*x**2 - 2*x - 1. Let q(o) = 1780*o**2 + 2*o + 1. Let p(t) = -5*f(t) - 4*q(t). Is p(-1) a composite number?
True
Let k = -20 - -756. Suppose -15*w = -3*s - 20*w + 2248, 5*w + k = s. Is s a prime number?
False
Let y(l) = -37*l**3 + 2*l**2 - 58*l - 171. Is y(-4) a composite number?
True
Let c = -303 + 309. Is (c/4)/(81/302454) composite?
True
Let c = 11191 + 9814. Is c prime?
False
Suppose -54*k + 4433903 = -33787. Is k a composite number?
True
Let r = 48889 + -69560. Let l = r + 29490. Is l composite?
False
Suppose 4*z = 8, -4*d + 4*z + 224 = -41484. Let o = d + -2874. Is o composite?
True
Let g(x) = 1034*x**2 - 3*x - 92. Is g(-9) prime?
True
Let c be 8/6*(9/3 - 0). Is -2524*(-5 + c) + -3 composite?
False
Let n(s) = -s**3 - 28*s**2 - 26*s + 29. Let m be n(-27). Suppose -5*p = -0*p + 2*v - 37047, m*p = -v + 14818. Is p a prime number?
True
Is 76/(-95)*(-77267940)/48 a prime number?
True
Suppose -4*y = -4, 2*y = n - 0*y - 4240. Suppose 274 + n = 2*z. Is z composite?
True
Let o(d) = -d**2 + 5*d + 20. Let c be o(7). Let v(k) = 1314*k + 19. Is v(c) prime?
False
Suppose 4*k + 66 + 106 = 5*t, 0 = t - k - 35. Suppose t*g + 10*g = 12306. Is g composite?
False
Suppose -197*k = -199*k + 6202. Let r = -144 + k. Is r prime?
True
Suppose -2*b + 6 = -2. Suppose -3*t - d = -2*d - 8, -3*t + 2*d + 10 = 0. Is (-29817)/(-18) + t/b prime?
True
Let m(v) = v**3 + 8*v**2 - 8*v + 11. Let g be m(-9). Let s(t) = -3*t**3 - 20*t**2 + 4*t - 13. Let u be s(-8). Is u - 1*(g - 4) a prime number?
False
Suppose -6*z + 343179 = -706629. Suppose -4*k - 5*r = -z, 2*k - 22905 = -r + 64585. Suppose -k = -14*l - 2349. Is l composite?
False
Suppose 0 = 315*p - 3353109 - 18536556. Is p a prime number?
True
Is (5/6)/(1469361/(-3429342) - (-6)/14) composite?
True
Suppose -5*r - 10 = 0, 0 = 3*y - 4*r - 4 - 10. Let c(p) = -5*p**2 - 2*p - 11*p**2 + 10 + 25*p**2 + 56*p**y. Is c(7) composite?
False
Let g be (7/(-14))/(1 - (-3913075)/(-3913070)). Suppose -13*j - 1528 = -g. Is j a composite number?
False
Let w = 1382 + -13263. Let s = -17771 - w. Let y = 8459 + s. Is y a composite number?
True
Let r = 40 - 40. Suppose 5*a + 0*a - 17565 = r. Suppose 3*i - 6*i = -a. Is i composite?
False
Let f = -75630 - -432481. Is f a prime number?
False
Suppose 224*n = 514*n - 245*n - 3397815. Is n composite?
True
Let u(b) = -18*b**3 + b**2 + 60*b - 5. Let x be u(-17). Suppose -43848 = -2*f - 3*t + 2*t, 3*t - x = -4*f. Is f a prime number?
False
Suppose 25*l - 3232463 = -618238. Is l a composite number?
True
Let p(m) = m**2 + 2*m + 10. Let n be (-12)/(-3) - (-1)/((-1)/2). Suppose -55 = -n*y - 65. Is p(y) composite?
True
Suppose -10*t = -4059136 - 3780654. Is t a prime number?
False
Let k(m) be the third derivative of -163*m**4/24 + 65*m**3/6 - 16*m**2 - 4. Is k(-2) a prime number?
False
Suppose 18*p - 13*p - 65 = 0. Suppose -5*b + 12 = -p. Suppose -4*u - b*j + 156 = -1620, -2*u - j + 894 = 0. Is u a prime number?
True
Suppose -3*y - 7*v + 3*v = -1696357, -1130900 = -2*y + 2*v. Is y composite?
False
Let o be 1*(4 + -1) + 0 + 16129. Suppose -6*t + o = -15506. Is t a prime number?
True
Suppose -20*d - 9773183 = -43*d. Is d composite?
True
Suppose 0*c + 4*c - 3*o - 1176 = 0, 2*c - 590 = o. Is 158367/c + 2/(-9) a composite number?
True
Suppose -6 = -2*i, 93 = -4*a - 5*i - 144. Let n be (194/9)/(-2) - (-14)/a. Is 595 + (1/(-6) - n/(-6)) a composite number?
False
Let r = 216564 + -88845. Suppose -r - 28741 = -10*x. Is x a composite number?
True
Is (-100713)/59*8/(-12) prime?
False
Suppose -61075 = 119*q - 124*q. Let k = q + -5866. Is k composite?
True
Suppose 4*p - 163 + 191 = 0. Is 14/p + 486 + 7 a prime number?
True
Let h be (-52)/(-20) + -2 - 25348/(-20). Suppose 11*b = 18125 + h. Is b prime?
False
Suppose 0 = -2*z + 4, 0 = 4*p - 4*z - 152. Suppose 2*n - 6*n + h + p = 0, -3*n - 5*h = -7. Suppose 0 = 4*d - 2*u - 496, 4*u + n - 1 = 0. Is d a prime number?
False
Suppose -4*j + 47 - 27 = 0. Suppose -g - 6 = -4*c + 10, -2*g = 0. Is c + -2 + 220/j composite?
True
Let a = 75 + -68. Let f(v) = -2 + 6 + 1 - a*v + 56*v**2 - 11. Is f(-7) prime?
False
Is (2 + -1)/((-46)/(-9633274)) prime?
False
Suppose -5*s - 6 = -6. Suppose s = 5*y - 48961 + 13206. Is y composite?
False
Let x(c) = 10*c**2 + 3*c + 3. Let j be x(-1). Let q = j - 8. Let o(l) = 82*l**3 + 2*l**2 + 4*l - 5. Is o(q) composite?
True
Suppose 0 = -5*j - 2*v - 0*v + 28, -3*j + v + 8 = 0. Suppose -8 = -8*o + j*o. Is o/(-6) + 8384/6 prime?
False
Let i be 5 + 8/(-5) + (-15)/(-25). Let w be (-5815 - i/(-1)) + -4. Let t = -4008 - w. Is t a prime number?
False
Let m(n) = 113*n**2 + 28*n - 44. Let s be m(10). Let c = s - -327. Is c composite?
False
Suppose k + d = -3*d + 46, k - 37 = -d. Let n be 2252616/15 + (-4)/10. Is n/k - 2/(-17) composite?
True
Suppose 21077 = -8*x - 104523. Let q = -9141 - x. Is q prime?
False
Let c = 33 + -33. Suppose c = 280*g - 281*g + 745. Is g com